{"id":192,"date":"2021-06-07T08:26:18","date_gmt":"2021-06-07T06:26:18","guid":{"rendered":"https:\/\/lbkt.fr\/?page_id=192"},"modified":"2021-06-21T18:12:37","modified_gmt":"2021-06-21T16:12:37","slug":"britannicus","status":"publish","type":"page","link":"https:\/\/lbkt.fr\/index.php\/spectacles\/britannicus\/","title":{"rendered":"Britannicus"},"content":{"rendered":"\n<p>C\u2019est l\u2019histoire de la transmission de la folie et de la violence d\u00e9vastatrice, une intrigue qui m\u00eale \u00e9troitement politique et intimit\u00e9. C\u2019est le moment o\u00f9 N\u00e9ron prend son ind\u00e9pendance, s\u2019affranchit de sa m\u00e8re Agrippine, mais sans pouvoir cependant se d\u00e9faire de la violence dont il a h\u00e9rit\u00e9. C\u2019est le moment o\u00f9 il \u00e9choue \u00e0 aimer et o\u00f9 son destin de tyran se forge.<\/p>\n\n\n\n<p>Juin 2009 au CNAC (Centre National des Arts du Cirque), je r\u00e9p\u00e8te la 1\u00e8re sc\u00e8ne de Britannicus avec pour partenaire\u2026 une jument. De cette exp\u00e9rience formidable na\u00eet le d\u00e9sir de traverser toute la pi\u00e8ce en jouant tous les r\u00f4les. Ma premi\u00e8re impulsion aurait \u00e9t\u00e9 de monter la pi\u00e8ce avec des chevaux, mais l\u2019exp\u00e9rience \u00e9tait trop lourde et trop longue \u00e0 mettre en place. J\u2019en suis venue \u00e0 simplement vouloir raconter cette histoire, en m\u2019emparant de chacun des personnages, les suivre au milieu de ce puissant courant de trag\u00e9die qui les emporte.<\/p>\n\n\n\n<figure class=\"wp-block-image size-large\"><img loading=\"lazy\" decoding=\"async\" width=\"1024\" height=\"1024\" src=\"https:\/\/lbkt.fr\/wp-content\/uploads\/2021\/06\/Britannicus-1-1024x1024.jpg\" alt=\"\" class=\"wp-image-211\" srcset=\"https:\/\/lbkt.fr\/wp-content\/uploads\/2021\/06\/Britannicus-1-1024x1024.jpg 1024w, https:\/\/lbkt.fr\/wp-content\/uploads\/2021\/06\/Britannicus-1-300x300.jpg 300w, https:\/\/lbkt.fr\/wp-content\/uploads\/2021\/06\/Britannicus-1-150x150.jpg 150w, https:\/\/lbkt.fr\/wp-content\/uploads\/2021\/06\/Britannicus-1-768x769.jpg 768w, https:\/\/lbkt.fr\/wp-content\/uploads\/2021\/06\/Britannicus-1-1536x1536.jpg 1536w, https:\/\/lbkt.fr\/wp-content\/uploads\/2021\/06\/Britannicus-1-2046x2048.jpg 2046w, https:\/\/lbkt.fr\/wp-content\/uploads\/2021\/06\/Britannicus-1-365x365.jpg 365w, https:\/\/lbkt.fr\/wp-content\/uploads\/2021\/06\/Britannicus-1-500x500.jpg 500w\" sizes=\"auto, (max-width: 1024px) 100vw, 1024px\" \/><figcaption>V\u00e9ronique Hervou\u00ebt<\/figcaption><\/figure>\n\n\n\n<p>Le temps passe, je commence \u00e0 travailler le texte sur mes temps libres, \u00e0 d\u00e9broussailler. Agn\u00e8s m\u2019aide et suit les premi\u00e8res r\u00e9p\u00e9titions. A l\u2019automne 2017, \u00e0 l\u2019occasion du festival d\u2019une amie \u00e0 Rouen, je pr\u00e9sente le 1<sup>er<\/sup> acte, dans la plus grande simplicit\u00e9&nbsp;: une chaise, une pelote de laine, et moi. \u00c7a marche, les gens sont emport\u00e9s dans l\u2019histoire, plusieurs personnes viennent me voir \u00e0 la fin en me demandant \u00e0 quand la suite. Et bien la suite c\u2019est maintenant.<\/p>\n\n\n\n<p>M\u00eame si la simplicit\u00e9 sur le 1<sup>er<\/sup> acte a fonctionn\u00e9, c\u2019est un spectacle sur lequel je tiens \u00e0 avoir des partenaires lumi\u00e8re et son, et une sc\u00e9nographie qui porte l\u2019ensemble&nbsp;: vraisemblablement des miroirs pour l\u2019apparition- disparition de certains personnages, et des \u00e9l\u00e9ments fondamentaux&nbsp;: l\u2019eau, la terre, le feu (en vid\u00e9o, je ne vais pas enflammer le plateau!).<\/p>\n\n\n\n<p><\/p>\n\n\n\n<p>Com\u00e9dienne et metteur en sc\u00e8ne : V\u00e9ronique Hervou\u00ebt \/\/ Direction d\u2019acteur : Agn\u00e8s Brion \/\/ Sc\u00e9nographie : Beno\u00eet Pignon &amp; Morgane Barbry \/\/ Costume : Elodie Gaillard \/\/ Lumi\u00e8re : Marie-Edith Leyssene \/\/ Son &amp; Musique : David Couturier \/\/ Vid\u00e9o : Gyomh<\/p>\n\n\n\n<p><strong>Avec le soutien de Sc\u00e8nes Nomades, La<\/strong> <strong>Maison des Arts de Brioux sur Boutonne, Espace Agapit Saint Maixent, Claviers en Poitou, Le Ch\u00e2teau \u00e0 Barbezieux, La Blaiserie, l&rsquo;OARA<\/strong><\/p>\n\n\n<p class=\"wp-block-tag-cloud\">Il n\u2019y a aucun contenu \u00e0 afficher ici pour l\u2019instant.<\/p>","protected":false},"excerpt":{"rendered":"<p>C\u2019est l\u2019histoire de la transmission de la folie et de la violence d\u00e9vastatrice, une intrigue qui m\u00eale \u00e9troitement politique et intimit\u00e9. C\u2019est le moment o\u00f9 N\u00e9ron prend son ind\u00e9pendance, s\u2019affranchit de sa m\u00e8re Agrippine, mais sans pouvoir cependant se d\u00e9faire de la violence dont il a h\u00e9rit\u00e9. C\u2019est le moment o\u00f9 il \u00e9choue \u00e0 aimer [&hellip;]<\/p>\n","protected":false},"author":1,"featured_media":0,"parent":27,"menu_order":0,"comment_status":"closed","ping_status":"closed","template":"","meta":{"footnotes":""},"class_list":["post-192","page","type-page","status-publish","hentry"],"jetpack_sharing_enabled":true,"_links":{"self":[{"href":"https:\/\/lbkt.fr\/index.php\/wp-json\/wp\/v2\/pages\/192","targetHints":{"allow":["GET"]}}],"collection":[{"href":"https:\/\/lbkt.fr\/index.php\/wp-json\/wp\/v2\/pages"}],"about":[{"href":"https:\/\/lbkt.fr\/index.php\/wp-json\/wp\/v2\/types\/page"}],"author":[{"embeddable":true,"href":"https:\/\/lbkt.fr\/index.php\/wp-json\/wp\/v2\/users\/1"}],"replies":[{"embeddable":true,"href":"https:\/\/lbkt.fr\/index.php\/wp-json\/wp\/v2\/comments?post=192"}],"version-history":[{"count":5,"href":"https:\/\/lbkt.fr\/index.php\/wp-json\/wp\/v2\/pages\/192\/revisions"}],"predecessor-version":[{"id":213,"href":"https:\/\/lbkt.fr\/index.php\/wp-json\/wp\/v2\/pages\/192\/revisions\/213"}],"up":[{"embeddable":true,"href":"https:\/\/lbkt.fr\/index.php\/wp-json\/wp\/v2\/pages\/27"}],"wp:attachment":[{"href":"https:\/\/lbkt.fr\/index.php\/wp-json\/wp\/v2\/media?parent=192"}],"curies":[{"name":"wp","href":"https:\/\/api.w.org\/{rel}","templated":true}]}}

<p>C’est l’histoire de la transmission de la folie et de la violence dévastatrice, une intrigue qui mêle étroitement politique et intimité. C’est le moment où Néron prend son indépendance, s’affranchit de sa mère Agrippine, mais sans pouvoir cependant se défaire de la violence dont il a hérité. C’est le moment où il échoue à aimer et où son destin de tyran se forge.</p>



<p>Juin 2009 au CNAC (Centre National des Arts du Cirque), je répète la 1ère scène de Britannicus avec pour partenaire… une jument. De cette expérience formidable naît le désir de traverser toute la pièce en jouant tous les rôles. Ma première impulsion aurait été de monter la pièce avec des chevaux, mais l’expérience était trop lourde et trop longue à mettre en place. J’en suis venue à simplement vouloir raconter cette histoire, en m’emparant de chacun des personnages, les suivre au milieu de ce puissant courant de tragédie qui les emporte.</p>



<figure class="wp-block-image size-large"><img loading="lazy" decoding="async" width="1024" height="1024" src="https://lbkt.fr/wp-content/uploads/2021/06/Britannicus-1-1024x1024.jpg" alt="" class="wp-image-211" srcset="https://lbkt.fr/wp-content/uploads/2021/06/Britannicus-1-1024x1024.jpg 1024w, https://lbkt.fr/wp-content/uploads/2021/06/Britannicus-1-300x300.jpg 300w, https://lbkt.fr/wp-content/uploads/2021/06/Britannicus-1-150x150.jpg 150w, https://lbkt.fr/wp-content/uploads/2021/06/Britannicus-1-768x769.jpg 768w, https://lbkt.fr/wp-content/uploads/2021/06/Britannicus-1-1536x1536.jpg 1536w, https://lbkt.fr/wp-content/uploads/2021/06/Britannicus-1-2046x2048.jpg 2046w, https://lbkt.fr/wp-content/uploads/2021/06/Britannicus-1-365x365.jpg 365w, https://lbkt.fr/wp-content/uploads/2021/06/Britannicus-1-500x500.jpg 500w" sizes="auto, (max-width: 1024px) 100vw, 1024px" /><figcaption>Véronique Hervouët</figcaption></figure>



<p>Le temps passe, je commence à travailler le texte sur mes temps libres, à débroussailler. Agnès m’aide et suit les premières répétitions. A l’automne 2017, à l’occasion du festival d’une amie à Rouen, je présente le 1<sup>er</sup> acte, dans la plus grande simplicité&nbsp;: une chaise, une pelote de laine, et moi. Ça marche, les gens sont emportés dans l’histoire, plusieurs personnes viennent me voir à la fin en me demandant à quand la suite. Et bien la suite c’est maintenant.</p>



<p>Même si la simplicité sur le 1<sup>er</sup> acte a fonctionné, c’est un spectacle sur lequel je tiens à avoir des partenaires lumière et son, et une scénographie qui porte l’ensemble&nbsp;: vraisemblablement des miroirs pour l’apparition- disparition de certains personnages, et des éléments fondamentaux&nbsp;: l’eau, la terre, le feu (en vidéo, je ne vais pas enflammer le plateau!).</p>



<p></p>



<p>Comédienne et metteur en scène : Véronique Hervouët // Direction d’acteur : Agnès Brion // Scénographie : Benoît Pignon &amp; Morgane Barbry // Costume : Elodie Gaillard // Lumière : Marie-Edith Leyssene // Son &amp; Musique : David Couturier // Vidéo : Gyomh</p>



<p><strong>Avec le soutien de Scènes Nomades, La</strong> <strong>Maison des Arts de Brioux sur Boutonne, Espace Agapit Saint Maixent, Claviers en Poitou, Le Château à Barbezieux, La Blaiserie, l&rsquo;OARA</strong></p>


<p class="wp-block-tag-cloud">Il n’y a aucun contenu à afficher ici pour l’instant.</p>

<p>C’est l’histoire de la transmission de la folie et de la violence dévastatrice, une intrigue qui mêle étroitement politique et intimité. C’est le moment où Néron prend son indépendance, s’affranchit de sa mère Agrippine, mais sans pouvoir cependant se défaire de la violence dont il a hérité. C’est le moment où il échoue à aimer [&hellip;]</p>
