{"id":8,"date":"2016-11-17T20:45:42","date_gmt":"2016-11-17T19:45:42","guid":{"rendered":"https:\/\/lbkt86.wordpress.com\/?page_id=4"},"modified":"2024-04-03T21:01:39","modified_gmt":"2024-04-03T19:01:39","slug":"contact","status":"publish","type":"page","link":"https:\/\/lbkt.fr\/index.php\/contact\/","title":{"rendered":"Contact"},"content":{"rendered":"<p>Cie LBKT (anciennement La Barak&rsquo;\u00e0 Th\u00e9\u00e2tre)<br \/>\nAssociation loi 1901<\/p>\n<p>La Loge du Casson &#8211; Lavausseau<br \/>\n86470 Boivre-la-Vall\u00e9e<\/p>\n<p>Siret : 443 569 223 000 52<br \/>\nCode APE : 90.01 Z<br \/>\nLicence : 2-L-D-20-1809<\/p>\n<p><a href=\"mailto:lbkt86@gmail.com\" target=\"_blank\" rel=\"noopener\">lbkt86@gmail.com<\/a><\/p>\n<p>+337 69 60 61 82<\/p>\n","protected":false},"excerpt":{"rendered":"<p>Ceci est un petit extrait destin\u00e9 \u00e0 la &nbsp;page \u00ab\u00a0Contact\u00a0\u00bb.<\/p>\n","protected":false},"author":2,"featured_media":0,"parent":0,"menu_order":2,"comment_status":"closed","ping_status":"closed","template":"","meta":{"footnotes":""},"class_list":["post-8","page","type-page","status-publish","hentry"],"jetpack_sharing_enabled":false,"_links":{"self":[{"href":"https:\/\/lbkt.fr\/index.php\/wp-json\/wp\/v2\/pages\/8","targetHints":{"allow":["GET"]}}],"collection":[{"href":"https:\/\/lbkt.fr\/index.php\/wp-json\/wp\/v2\/pages"}],"about":[{"href":"https:\/\/lbkt.fr\/index.php\/wp-json\/wp\/v2\/types\/page"}],"author":[{"embeddable":true,"href":"https:\/\/lbkt.fr\/index.php\/wp-json\/wp\/v2\/users\/2"}],"replies":[{"embeddable":true,"href":"https:\/\/lbkt.fr\/index.php\/wp-json\/wp\/v2\/comments?post=8"}],"version-history":[{"count":9,"href":"https:\/\/lbkt.fr\/index.php\/wp-json\/wp\/v2\/pages\/8\/revisions"}],"predecessor-version":[{"id":253,"href":"https:\/\/lbkt.fr\/index.php\/wp-json\/wp\/v2\/pages\/8\/revisions\/253"}],"wp:attachment":[{"href":"https:\/\/lbkt.fr\/index.php\/wp-json\/wp\/v2\/media?parent=8"}],"curies":[{"name":"wp","href":"https:\/\/api.w.org\/{rel}","templated":true}]}}